3
What is the highest common divisor of 2 and 9?
1
Calculate the highest common divisor of 35 and 287.
7
What is the greatest common factor of 81 and 18?
9
What is the highest common divisor of 170 and 21590?
170
What is the highest common divisor of 1044 and 725?
29
What is the highest common factor of 90 and 190?
10
Calculate the greatest common factor of 5 and 235.
5
What is the highest common factor of 855 and 4959?
171
Calculate the greatest common divisor of 667 and 203.
29
Calculate the highest common divisor of 40 and 220.
20
What is the highest common factor of 20 and 1180?
20
What is the greatest common factor of 16 and 76?
4
What is the greatest common factor of 3550 and 25?
25
Calculate the highest common divisor of 10192 and 208.
208
Calculate the greatest common divisor of 60941 and 149.
149
What is the highest common factor of 91 and 21?
7
Calculate the greatest common divisor of 34 and 11662.
34
Calculate the highest common factor of 168 and 91.
7
What is the highest common divisor of 32 and 2848?
32
Calculate the highest common factor of 2345 and 105.
35
Calculate the highest common divisor of 10 and 160.
10
What is the greatest common factor of 49 and 27?
1
What is the highest common factor of 12 and 58?
2
What is the greatest common factor of 3 and 183?
3
Calculate the greatest common factor of 1 and 103.
1
Calculate the greatest common factor of 2176 and 17.
17
Calculate the greatest common divisor of 164 and 324.
4
What is the greatest common divisor of 164 and 287?
41
Calculate the greatest common divisor of 6 and 1458.
6
What is the highest common factor of 146 and 2701?
73
What is the highest common divisor of 2247 and 231?
21
What is the greatest common factor of 48 and 300?
12
Calculate the greatest common divisor of 1417 and 1853.
109
Calculate the highest common divisor of 2015 and 585.
65
Calculate the greatest common divisor of 2754 and 5832.
162
Calculate the highest common divisor of 26 and 910.
26
What is the highest common factor of 481 and 1147?
37
What is the greatest common factor of 833 and 441?
49
Calculate the highest common divisor of 585 and 18.
9
Calculate the highest common factor of 29 and 29.
29
What is the highest common factor of 63 and 1953?
63
Calculate the highest common factor of 10 and 614.
2
Calculate the greatest common factor of 1081 and 141.
47
What is the greatest common factor of 24 and 372?
12
Calculate the greatest common divisor of 23 and 7153.
23
What is the greatest common factor of 736 and 6348?
92
Calculate the greatest common factor of 50 and 4525.
25
What is the highest common divisor of 1258 and 34?
34
Calculate the highest common divisor of 13511 and 59.
59
Calculate the greatest common factor of 70 and 40.
10
Calculate the highest common divisor of 1 and 1627.
1
Calculate the highest common factor of 100 and 780.
20
What is the highest common factor of 803 and 869?
11
What is the highest common divisor of 462 and 198?
66
Calculate the highest common factor of 18 and 639.
9
What is the greatest common factor of 2001 and 116?
29
What is the greatest common factor of 34 and 323?
17
What is the highest common divisor of 120 and 5320?
40
Calculate the highest common divisor of 10 and 290.
10
What is the greatest common factor of 147 and 7693?
49
Calculate the greatest common divisor of 322 and 56.
14
What is the greatest common divisor of 40 and 710?
10
Calculate the greatest common divisor of 19470 and 45.
15
What is the highest common factor of 3 and 42?
3
Calculate the highest common divisor of 3372 and 12.
12
What is the greatest common factor of 55 and 35?
5
Calculate the greatest common divisor of 25272 and 104.
104
Calculate the highest common factor of 1380 and 10.
10
Calculate the greatest common factor of 236 and 6372.
236
Calculate the highest common divisor of 480 and 105.
15
Calculate the highest common divisor of 210 and 4970.
70
Calculate the greatest common divisor of 105 and 1785.
105
Calculate the highest common factor of 12 and 80.
4
Calculate the greatest common factor of 2538 and 198.
18
What is the greatest common factor of 21 and 4431?
21
What is the highest common factor of 912 and 2850?
114
Calculate the greatest common factor of 168 and 48.
24
Calculate the greatest common divisor of 1112 and 8.
8
What is the highest common factor of 56 and 176?
8
What is the greatest common divisor of 144 and 270?
18
What is the highest common divisor of 38150 and 150?
50
What is the greatest common divisor of 153 and 1326?
51
What is the greatest common factor of 240 and 45?
15
What is the greatest common factor of 27 and 189?
27
Calculate the greatest common divisor of 60 and 160.
20
Calculate the greatest common divisor of 97 and 194.
97
What is the greatest common divisor of 8 and 1228?
4
Calculate the highest common divisor of 84 and 357.
21
What is the greatest common divisor of 38 and 551?
19
Calculate the highest common divisor of 899 and 58.
29
What is the greatest common factor of 22 and 22?
22
Calculate the greatest common divisor of 40 and 1195.
5
Calculate the greatest common divisor of 2796 and 12.
12
Calculate the greatest common divisor of 140 and 6.
2
Calculate the greatest common divisor of 26 and 2158.
26
Calculate the highest common factor of 4086 and 18.
18
Calculate the highest common divisor of 414 and 6.
6
Calculate the highest common divisor of 22 and 17259.
11
Calculate the highest common factor of 54 and 24.
6
What is the highest common factor of 546 and 234?
78
What is the greatest common divisor of 4814 and 145?
29
What is the highest common divisor of 15 and 129?
3
Calculate the greatest common divisor of 918 and 216.
54
What is the greatest common factor of 560 and 10?
10
Calculate the highest common factor of 6292 and 156.
52
Calculate the highest common divisor of 3192 and 336.
168
What is the greatest common divisor of 188 and 32?
4
Calculate the greatest common factor of 749 and 107.
107
What is the greatest common factor of 996 and 6225?
249
Calculate the greatest common divisor of 49 and 63.
7
Calculate the highest common factor of 110 and 2530.
110
What is the greatest common divisor of 33 and 165?
33
What is the highest common divisor of 2505 and 15?
15
Calculate the greatest common divisor of 4125 and 5.
5
Calculate the highest common factor of 472 and 1121.
59
What is the greatest common factor of 338 and 78?
26
What is the greatest common divisor of 760 and 15770?
190
Calculate the greatest common divisor of 43289 and 73.
73
What is the highest common factor of 17694 and 18?
18
Calculate the greatest common divisor of 266 and 38.
38
Calculate the greatest common divisor of 651 and 609.
21
Calculate the highest common factor of 97 and 1843.
97
Calculate the highest common divisor of 93 and 41757.
93
What is the highest common factor of 70 and 80?
10
What is the highest common divisor of 3139 and 43?
43
What is the highest common factor of 12 and 426?
6
What is the greatest common factor of 90 and 5295?
15
Calculate the highest common divisor of 8 and 9684.
4
What is the highest common divisor of 49 and 47?
1
What is the highest common divisor of 300 and 120?
60
What is the greatest common divisor of 158 and 17?
1
What is the highest common factor of 128 and 448?
64
What is the highest common factor of 143 and 187?
11
What is the greatest common factor of 42 and 154?
14
What is the highest common divisor of 16 and 25712?
16
What is the greatest common factor of 408 and 527?
17
What is the highest common factor of 66 and 150?
6
What is the highest common factor of 9 and 24?
3
Calculate the highest common divisor of 2454 and 6.
6
Calculate the highest common factor of 2168 and 8.
8
Calculate the greatest common factor of 308 and 11312.
28
Calculate the highest common factor of 30 and 690.
30
What is the greatest common divisor of 210 and 350?
70
What is the greatest common factor of 533 and 26?
13
What is the greatest common factor of 76 and 12?
4
What is the highest common divisor of 423 and 63?
9
Calculate the greatest common divisor of 357 and 1904.
119
What is the highest common divisor of 28 and 504?
28
Calculate the highest common factor of 63 and 4053.
21
Calculate the highest common divisor of 82 and 1517.
41
What is t